
Convert 515543 (base 6) to base 8.
120767
Convert 511 (base 13) to base 16.
35b
Convert -736 (base 15) to base 14.
-842
What is 1011431 (base 5) in base 2?
100000001101011
What is -12102120 (base 3) in base 8?
-7565
Convert -b5 (base 13) to base 10.
-148
Convert 2132a (base 11) to base 4.
13210200
What is 222 (base 10) in base 6?
1010
What is 6aa (base 14) in base 2?
10100101110
Convert -66d5 (base 14) to base 16.
-45a3
Convert 13a (base 12) to base 10.
190
1c3f (base 16) to base 10
7231
-11011000111101 (base 2) to base 13
-6421
Convert -64eb (base 16) to base 2.
-110010011101011
What is 13424 (base 5) in base 15?
4e4
Convert -204a (base 16) to base 12.
-494a
Convert -1404 (base 5) to base 9.
-274
What is 3103 (base 5) in base 4?
12103
-6501 (base 7) to base 10
-2304
Convert 243 (base 14) to base 16.
1c3
-3077 (base 15) to base 9
-15034
-1226b (base 12) to base 14
-8d47
-206 (base 10) to base 7
-413
Convert -13303 (base 4) to base 2.
-111110011
Convert -3a3 (base 15) to base 10.
-828
What is 1a30 (base 15) in base 5?
140140
What is 111000112 (base 3) in base 14?
365d
Convert 342 (base 9) to base 6.
1145
What is -52b6 (base 15) in base 9?
-26000
What is -121202 (base 4) in base 6?
-11322
1214 (base 8) to base 5
10102
Convert 4124 (base 14) to base 6.
123512
What is -31120 (base 5) in base 15?
-90a
Convert 36316 (base 7) to base 11.
7095
Convert 478c (base 13) to base 2.
10011101100111
What is 1000122 (base 3) in base 14?
3b4
100111010001 (base 2) to base 12
1555
Convert 10202310 (base 4) to base 8.
44264
-135 (base 15) to base 13
-182
What is -58 (base 10) in base 13?
-46
Convert -100111011010110 (base 2) to base 11.
-14188
848 (base 9) to base 4
22310
9686 (base 10) to base 16
25d6
-16176 (base 10) to base 16
-3f30
Convert 1153 (base 10) to base 2.
10010000001
What is -3671 (base 8) in base 11?
-1538
68b5 (base 15) to base 7
121532
Convert 18628 (base 9) to base 5.
403110
What is -1c5a (base 13) in base 3?
-12220021
Convert 2312 (base 10) to base 8.
4410
What is -4401 (base 5) in base 10?
-601
What is -9956 (base 13) in base 7?
-116201
-8a (base 16) to base 10
-138
Convert 79b (base 12) to base 16.
467
1213054 (base 6) to base 14
1956a
What is 24c1 (base 15) in base 9?
11661
-1111100110 (base 2) to base 11
-828
Convert -5312 (base 6) to base 14.
-616
Convert 3443 (base 6) to base 7.
2250
Convert -12224 (base 10) to base 12.
-70a8
What is 100222 (base 3) in base 9?
328
Convert -6090 (base 12) to base 9.
-15330
What is 203112 (base 5) in base 4?
1220001
-56 (base 12) to base 9
-73
What is -ae3 (base 15) in base 3?
-10101020
3041 (base 8) to base 6
11133
124d (base 14) to base 12
1a31
-4a1 (base 11) to base 15
-29a
Convert -30002 (base 6) to base 11.
-2a17
What is -2122 (base 4) in base 2?
-10011010
What is 2320203 (base 4) in base 5?
334221
What is -29cf (base 16) in base 8?
-24717
What is 12413 (base 5) in base 8?
1727
Convert -61030 (base 8) to base 11.
-1795a
1021002 (base 3) to base 6
4132
12210 (base 4) to base 2
110100100
-509 (base 13) to base 15
-3be
365 (base 8) to base 16
f5
-111122 (base 3) to base 2
-101110000
Convert 111110111 (base 2) to base 16.
1f7
-5ab (base 12) to base 14
-44b
Convert -5193 (base 10) to base 3.
-21010100
Convert -b63 (base 16) to base 5.
-43130
2120120100 (base 3) to base 8
143033
1335 (base 14) to base 7
12565
What is -555 (base 11) in base 3?
-220122
18251 (base 10) to base 5
1041001
Convert 2505 (base 8) to base 9.
1758
-30bb (base 14) to base 8
-20315
1ec (base 15) to base 13
285
11111011110 (base 2) to base 11
1571
What is 470 (base 10) in base 8?
726
-10111100010 (base 2) to base 16
-5e2
What is -539c (base 14) in base 16?
-386e
What is 37879 (base 10) in base 16?
93f7
-36c (base 13) to base 10
-597
11aa3 (base 11) to base 10
17295
What is 110011010001 (base 2) in base 16?
cd1
What is 348 (base 12) in base 14?
26c
Convert 369e (base 15) to base 3.
120221112
47607 (base 8) to base 16
4f87
What is 2c79 (base 15) in base 3?
111010020
37060 (base 8) to base 7
64262
-980 (base 10) to base 11
-811
What is 7031 (base 9) in base 16?
140b
What is 20100 (base 4) in base 14?
29a
528 (base 9) to base 12
2bb
What is 34250 (base 6) in base 5?
123404
Convert 727 (base 8) to base 12.
333
1b31 (base 13) to base 14
16c8
What is -1523 (base 8) in base 3?
-1011112
-26440 (base 7) to base 12
-4124
-31123 (base 5) to base 2
-11111110110
What is 2485 (base 9) in base 13?
b00
What is -16206 (base 8) in base 7?
-30201
2062 (base 13) to base 4
1011322
Convert 3239 (base 14) to base 7.
34202
What is -23740 (base 11) in base 3?
-1201212102
Convert -51503 (base 6) to base 9.
-10383
-2312000 (base 4) to base 16
-2d80
2167 (base 16) to base 14
318b
47d (base 14) to base 13
53b
Convert 1241 (base 10) to base 16.
4d9
21735 (base 8) to base 3
110121001
What is 341515 (base 6) in base 10?
28919
What is 1472 (base 11) in base 16?
766
Convert -2437 (base 9) to base 3.
-2111021
Convert -208a (base 14) to base 15.
-19e0
Convert 1170 (base 9) to base 2.
1101101001
Convert -2072 (base 15) to base 14.
-26db
Convert 521540 (base 6) to base 14.
113a4
-3015 (base 7) to base 2
-10000010001
What is 2165 (base 16) in base 8?
20545
What is -410 (base 11) in base 15?
-230
Convert 11001001110111 (base 2) to base 10.
12919
Convert -32010 (base 4) to base 3.
-1020100
Convert a64 (base 15) to base 3.
10012211
Convert 1410 (base 16) to base 13.
2451
-7a83 (base 15) to base 3
-1022122220
Convert 9244 (base 12) to base 6.
201324
Convert -11947 (base 10) to base 8.
-27253
Convert 2666 (base 7) to base 11.
855
What is 100201 (base 4) in base 5?
13212
-6aa (base 15) to base 4
-113212
Convert 15975 (base 12) to base 13.
11003
What is 3040 (base 8) in base 6?
11132
What is -4445 (base 9) in base 10?
-3281
Convert 15460 (base 9) to base 11.
7a52
What is -2321 (base 13) in base 9?
-6675
cdb (base 14) to base 6
15441
What is 1100201 (base 3) in base 7?
2614
What is -266 (base 16) in base 2?
-1001100110
16142 (base 9) to base 5
323204
2201312 (base 4) to base 15
3108
What is -32d (base 15) in base 14?
-394
100001111 (base 2) to base 12
1a7
-13502 (base 6) to base 4
-201032
Convert -7679 (base 10) to base 12.
-453b
Convert 3670 (base 10) to base 15.
114a
-2100112 (base 3) to base 14
-8a7
Convert -27248 (base 10) to base 5.
-1332443
What is -10766 (base 9) in base 3?
-100212020
Convert 256 (base 7) to base 11.
117
What is 201020011 (base 3) in base 6?
144521
Convert -32d (base 16) to base 6.
-3433
Convert 1000100111 (base 2) to base 12.
39b
What is b29 (base 12) in base 5?
22432
What is 112122021 (base 3) in base 8?
24660
24 (base 9) to base 2
10110
Convert -1545 (base 7) to base 12.
-439
What is -1110340 (base 5) in base 15?
-5b80
Convert 13030 (base 12) to base 4.
12111210
What is 66255 (base 7) in base 2?
100000011011010
What is 5010 (base 14) in base 13?
6336
What is 126 (base 8) in base 11?
79
What is 1401 (base 5) in base 7?
442
Convert 444261 (base 7) to base 11.
53953
Convert -127 (base 10) to base 6.
-331
What is -32012133 (base 4) in base 12?
-29513
-2334 (base 9) to base 4
-123010
Convert 6656 (base 12) to base 8.
26042
What is -1079 (base 12) in base 5?
-24241
What is 13144 (base 6) in base 4?
133120
Convert -3053 (base 7) to base 10.
-1067
What is 210011011 (base 3) in base 10?
15421
Convert -a3b (base 13) to base 6.
-12020
Convert 2547 (base 14) to base 11.
49a8
-4e82 (base 15) to base 8
-40604
Convert -3b1 (base 15) to base 2.
-1101001001
Convert 8840 (base 9) to base 11.
4994
Convert -23748 (base 9) to base 8.
-37060
Convert -30a (base 11) to base 14.
-1c9
-132 (base 15) to base 13
-17c
What is -3142 (base 16) in base 12?
-736a
What is -1656 (base 7) in base 11?
-567
-30232 (base 4) to base 16
-32e
3121 (base 10) to base 14
11cd
Convert 2113311 (base 4) to base 3.
111022220
Convert 110111 (base 2) to base 4.
313
What is 111200002 (base 3) in base 5?
304330
Convert 3770 (base 12) to base 4.
1202010
What is 1011120 (base 3) in base 4?
31110
-fe73 (base 16) to base 15
-14479
What is -232002 (base 5) in base 11?
-6326
Convert -1b (base 14) to base 6.
-41
Convert 1255 (base 12) to base 9.
2762
Convert ca (base 15) to base 4.
2332
Convert -208 (base 13) to base 6.
-1334
Convert -4324 (base 5) to base 15.
-294
Convert 6898 (base 11) to base 7.
35263
Convert